{"id":82,"date":"2017-08-23T07:40:32","date_gmt":"2017-08-23T07:40:32","guid":{"rendered":"http:\/\/kantrijo.hu\/?page_id=82"},"modified":"2025-03-23T14:27:54","modified_gmt":"2025-03-23T14:27:54","slug":"kapcsolat","status":"publish","type":"page","link":"https:\/\/kantrijo.hu\/?page_id=82","title":{"rendered":"Kapcsolat"},"content":{"rendered":"<div>&nbsp;<\/div>\n<div>&nbsp;<\/div>\n<div><span style=\"font-family: Arial; font-size: small;\">REH\u00d3 S\u00c1NDOR: &#8220;logisztika \u00e9s egyebek&#8221;.<\/span><\/div>\n<div><span style=\"font-family: Arial; font-size: small;\">&nbsp;&nbsp;&nbsp;&nbsp;&nbsp;&nbsp;&nbsp;&nbsp;&nbsp;&nbsp;&nbsp;&nbsp;&nbsp;&nbsp;&nbsp;&nbsp;&nbsp;&nbsp;&nbsp;&nbsp;&nbsp;&nbsp;&nbsp;&nbsp;&nbsp;&nbsp;&nbsp;&nbsp; 20 \/ 945 7849.<\/span><\/div>\n<div><span style=\"font-family: Arial; font-size: small;\">&nbsp;&nbsp;&nbsp;&nbsp;&nbsp;&nbsp;&nbsp;&nbsp;&nbsp;&nbsp;&nbsp;&nbsp;&nbsp;&nbsp;&nbsp;&nbsp;&nbsp;&nbsp;&nbsp;&nbsp;&nbsp;&nbsp;&nbsp;&nbsp;&nbsp;&nbsp;&nbsp;&nbsp; email: <a title=\"mailto:reho.sandor@levaialkusz.hu\nA hivatkoz\u00e1s k\u00f6vet\u00e9s\u00e9hez a CTRL billenty\u0171 lenyom\u00e1sa k\u00f6zben kattintson a hivatkoz\u00e1sra\" href=\"mailto:reho.sandor@levaialkusz.hu\">reho.sandor@levaialkusz.hu<\/a> <\/span><\/div>\n<div>&nbsp;<\/div>\n<p>&nbsp;<\/p>\n<div><span style=\"font-family: Arial; font-size: small;\">T\u00d3TH IMRE: Kantrij\u00f3 &#8220;facebook felel\u0151s&#8221;.<\/span><\/div>\n<div><span style=\"font-family: Arial; font-size: small;\">&nbsp;&nbsp;&nbsp;&nbsp;&nbsp;&nbsp;&nbsp;&nbsp;&nbsp;&nbsp;&nbsp;&nbsp;&nbsp;&nbsp;&nbsp;&nbsp;&nbsp;&nbsp;&nbsp;&nbsp;&nbsp;&nbsp;&nbsp;20 \/ 597 5307<\/span><\/div>\n<div><span style=\"font-family: Arial; font-size: small;\">&nbsp;&nbsp;&nbsp;&nbsp;&nbsp;&nbsp;&nbsp;&nbsp;&nbsp;&nbsp;&nbsp;&nbsp;&nbsp;&nbsp;&nbsp;&nbsp;&nbsp;&nbsp;&nbsp;&nbsp;&nbsp;&nbsp; email: <a title=\"mailto:tothbass@gmail.com\nA hivatkoz\u00e1s k\u00f6vet\u00e9s\u00e9hez a CTRL billenty\u0171 lenyom\u00e1sa k\u00f6zben kattintson a hivatkoz\u00e1sra\" href=\"mailto:tothbass@gmail.com\">tothbass@gmail.com<\/a> <\/span><\/div>\n\n\n\n<figure class=\"wp-block-image size-large\"><img loading=\"lazy\" width=\"727\" height=\"1024\" src=\"http:\/\/kantrijo.hu\/wp-content\/uploads\/2025\/03\/Kantrijo-plakat-05-727x1024.jpg\" alt=\"\" class=\"wp-image-522\" srcset=\"https:\/\/kantrijo.hu\/wp-content\/uploads\/2025\/03\/Kantrijo-plakat-05-727x1024.jpg 727w, https:\/\/kantrijo.hu\/wp-content\/uploads\/2025\/03\/Kantrijo-plakat-05-213x300.jpg 213w, https:\/\/kantrijo.hu\/wp-content\/uploads\/2025\/03\/Kantrijo-plakat-05-768x1082.jpg 768w, https:\/\/kantrijo.hu\/wp-content\/uploads\/2025\/03\/Kantrijo-plakat-05-1091x1536.jpg 1091w, https:\/\/kantrijo.hu\/wp-content\/uploads\/2025\/03\/Kantrijo-plakat-05-1454x2048.jpg 1454w, https:\/\/kantrijo.hu\/wp-content\/uploads\/2025\/03\/Kantrijo-plakat-05-scaled.jpg 1818w\" sizes=\"(max-width: 727px) 100vw, 727px\" \/><\/figure>\n","protected":false},"excerpt":{"rendered":"<p>&nbsp; &nbsp; REH\u00d3 S\u00c1NDOR: &#8220;logisztika \u00e9s egyebek&#8221;. &nbsp;&nbsp;&nbsp;&nbsp;&nbsp;&nbsp;&nbsp;&nbsp;&nbsp;&nbsp;&nbsp;&nbsp;&nbsp;&nbsp;&nbsp;&nbsp;&nbsp;&nbsp;&nbsp;&nbsp;&nbsp;&nbsp;&nbsp;&nbsp;&nbsp;&nbsp;&nbsp;&nbsp; 20 \/ 945 7849. &nbsp;&nbsp;&nbsp;&nbsp;&nbsp;&nbsp;&nbsp;&nbsp;&nbsp;&nbsp;&nbsp;&nbsp;&nbsp;&nbsp;&nbsp;&nbsp;&nbsp;&nbsp;&nbsp;&nbsp;&nbsp;&nbsp;&nbsp;&nbsp;&nbsp;&nbsp;&nbsp;&nbsp; email: reho.sandor@levaialkusz.hu &nbsp; &nbsp; T\u00d3TH IMRE: Kantrij\u00f3 &#8220;facebook felel\u0151s&#8221;. &nbsp;&nbsp;&nbsp;&nbsp;&nbsp;&nbsp;&nbsp;&nbsp;&nbsp;&nbsp;&nbsp;&nbsp;&nbsp;&nbsp;&nbsp;&nbsp;&nbsp;&nbsp;&nbsp;&nbsp;&nbsp;&nbsp;&nbsp;20 \/ 597 5307 &nbsp;&nbsp;&nbsp;&nbsp;&nbsp;&nbsp;&nbsp;&nbsp;&nbsp;&nbsp;&nbsp;&nbsp;&nbsp;&nbsp;&nbsp;&nbsp;&nbsp;&nbsp;&nbsp;&nbsp;&nbsp;&nbsp; email: tothbass@gmail.com<\/p>\n","protected":false},"author":1,"featured_media":522,"parent":0,"menu_order":0,"comment_status":"closed","ping_status":"closed","template":"","meta":[],"_links":{"self":[{"href":"https:\/\/kantrijo.hu\/index.php?rest_route=\/wp\/v2\/pages\/82"}],"collection":[{"href":"https:\/\/kantrijo.hu\/index.php?rest_route=\/wp\/v2\/pages"}],"about":[{"href":"https:\/\/kantrijo.hu\/index.php?rest_route=\/wp\/v2\/types\/page"}],"author":[{"embeddable":true,"href":"https:\/\/kantrijo.hu\/index.php?rest_route=\/wp\/v2\/users\/1"}],"replies":[{"embeddable":true,"href":"https:\/\/kantrijo.hu\/index.php?rest_route=%2Fwp%2Fv2%2Fcomments&post=82"}],"version-history":[{"count":4,"href":"https:\/\/kantrijo.hu\/index.php?rest_route=\/wp\/v2\/pages\/82\/revisions"}],"predecessor-version":[{"id":523,"href":"https:\/\/kantrijo.hu\/index.php?rest_route=\/wp\/v2\/pages\/82\/revisions\/523"}],"wp:featuredmedia":[{"embeddable":true,"href":"https:\/\/kantrijo.hu\/index.php?rest_route=\/wp\/v2\/media\/522"}],"wp:attachment":[{"href":"https:\/\/kantrijo.hu\/index.php?rest_route=%2Fwp%2Fv2%2Fmedia&parent=82"}],"curies":[{"name":"wp","href":"https:\/\/api.w.org\/{rel}","templated":true}]}}